{"id":657,"date":"2025-08-12T17:56:46","date_gmt":"2025-08-12T21:56:46","guid":{"rendered":"https:\/\/www3.colegiovirtualadventista.cl\/?page_id=657"},"modified":"2025-08-20T16:29:28","modified_gmt":"2025-08-20T20:29:28","slug":"conocenos-2","status":"publish","type":"page","link":"https:\/\/www2.colegiovirtualadventista.cl\/?page_id=657","title":{"rendered":"Conocenos"},"content":{"rendered":"\t\t<div data-elementor-type=\"wp-page\" data-elementor-id=\"657\" class=\"elementor elementor-657\" data-elementor-post-type=\"page\">\n\t\t\t\t<div class=\"elementor-element elementor-element-370abce e-flex e-con-boxed e-con e-parent\" data-id=\"370abce\" data-element_type=\"container\" data-e-type=\"container\">\n\t\t\t\t\t<div class=\"e-con-inner\">\n\t\t\t\t<div class=\"elementor-element elementor-element-cd3b326 elementor-widget elementor-widget-image\" data-id=\"cd3b326\" data-element_type=\"widget\" data-e-type=\"widget\" data-widget_type=\"image.default\">\n\t\t\t\t\t\t\t\t\t\t\t\t\t\t\t<img fetchpriority=\"high\" decoding=\"async\" width=\"1600\" height=\"373\" src=\"https:\/\/www2.colegiovirtualadventista.cl\/wp-content\/uploads\/2025\/08\/Imagen-graduacion-.jpeg\" class=\"attachment-full size-full wp-image-772\" alt=\"\" srcset=\"https:\/\/www2.colegiovirtualadventista.cl\/wp-content\/uploads\/2025\/08\/Imagen-graduacion-.jpeg 1600w, https:\/\/www2.colegiovirtualadventista.cl\/wp-content\/uploads\/2025\/08\/Imagen-graduacion--300x70.jpeg 300w, https:\/\/www2.colegiovirtualadventista.cl\/wp-content\/uploads\/2025\/08\/Imagen-graduacion--1024x239.jpeg 1024w, https:\/\/www2.colegiovirtualadventista.cl\/wp-content\/uploads\/2025\/08\/Imagen-graduacion--768x179.jpeg 768w, https:\/\/www2.colegiovirtualadventista.cl\/wp-content\/uploads\/2025\/08\/Imagen-graduacion--1536x358.jpeg 1536w\" sizes=\"(max-width: 1600px) 100vw, 1600px\" \/>\t\t\t\t\t\t\t\t\t\t\t\t\t\t\t<\/div>\n\t\t\t\t\t<\/div>\n\t\t\t\t<\/div>\n\t\t<div class=\"elementor-element elementor-element-e642f6d e-con-full e-flex e-con e-parent\" data-id=\"e642f6d\" data-element_type=\"container\" data-e-type=\"container\">\n\t\t<div class=\"elementor-element elementor-element-3d611dd e-con-full e-flex e-con e-child\" data-id=\"3d611dd\" data-element_type=\"container\" data-e-type=\"container\">\n\t\t\t\t<div class=\"elementor-element elementor-element-f325378 elementor-widget elementor-widget-heading\" data-id=\"f325378\" data-element_type=\"widget\" data-e-type=\"widget\" data-widget_type=\"heading.default\">\n\t\t\t\t\t<h2 class=\"elementor-heading-title elementor-size-default\">Palabras del Director<\/h2>\t\t\t\t<\/div>\n\t\t\t\t<div class=\"elementor-element elementor-element-acd1322 elementor-widget elementor-widget-text-editor\" data-id=\"acd1322\" data-element_type=\"widget\" data-e-type=\"widget\" data-widget_type=\"text-editor.default\">\n\t\t\t\t\t\t\t\t\t<p>\u00a0<\/p><h5>La educaci\u00f3n ha sido, a lo largo de la historia objeto de profundo an\u00e1lisis y reflexi\u00f3n se reconoce como una oportunidad \u00fanica e invaluable para formar y orientar a los ciudadanos que integrar\u00e1n las futuras generaciones.<br \/>En el transcurso de mi carrera docente he tenido la oportunidad de estudiar diversos modelos educativos, m\u00e9todos y estrategias de aprendizaje, as\u00ed como los objetivos que persiguen. No obstante, estoy convencido de que la \u00fanica fuente genuina y efectiva de sabidur\u00eda es la Palabra de Dios, capaz de modelar y transformar de manera integral el car\u00e1cter del ser humano.<br \/>Es por ello que considero un verdadero privilegio poder dirigir este Colegio, donde trabajamos d\u00eda a d\u00eda con el prop\u00f3sito de presentar a Dios a nuestros estudiantes.<br \/>Mediante los materiales que elaboramos, las clases que impartimos y cada una de las actividades que desarrollamos, procuramos exponer a nuestros alumnos al conocimiento y presencia de nuestro Se\u00f1or. Creemos firmemente que, a trav\u00e9s de esta metodolog\u00eda, es posible formar ciudadanos \u00edntegros: personas capaces de aportar significativamente a nuestra sociedad profundamente debilitada y al mismo tiempo capaces de proyectar una vida de eternidad junto a nuestro Padre celestial.<\/h5>\t\t\t\t\t\t\t\t<\/div>\n\t\t\t\t<\/div>\n\t\t<div class=\"elementor-element elementor-element-e902666 e-con-full e-flex e-con e-child\" data-id=\"e902666\" data-element_type=\"container\" data-e-type=\"container\">\n\t\t\t\t<div class=\"elementor-element elementor-element-c751c6f e-transform elementor-widget elementor-widget-image\" data-id=\"c751c6f\" data-element_type=\"widget\" data-e-type=\"widget\" data-settings=\"{&quot;_transform_rotateZ_effect&quot;:{&quot;unit&quot;:&quot;px&quot;,&quot;size&quot;:&quot;&quot;,&quot;sizes&quot;:[]},&quot;_transform_rotateZ_effect_tablet&quot;:{&quot;unit&quot;:&quot;deg&quot;,&quot;size&quot;:&quot;&quot;,&quot;sizes&quot;:[]},&quot;_transform_rotateZ_effect_mobile&quot;:{&quot;unit&quot;:&quot;deg&quot;,&quot;size&quot;:&quot;&quot;,&quot;sizes&quot;:[]}}\" data-widget_type=\"image.default\">\n\t\t\t\t\t\t\t\t\t\t\t\t\t\t\t<img decoding=\"async\" width=\"311\" height=\"311\" src=\"https:\/\/www2.colegiovirtualadventista.cl\/wp-content\/uploads\/2025\/08\/imagen-para-director-del-colegio-.jpeg\" class=\"attachment-large size-large wp-image-899\" alt=\"\" srcset=\"https:\/\/www2.colegiovirtualadventista.cl\/wp-content\/uploads\/2025\/08\/imagen-para-director-del-colegio-.jpeg 311w, https:\/\/www2.colegiovirtualadventista.cl\/wp-content\/uploads\/2025\/08\/imagen-para-director-del-colegio--300x300.jpeg 300w, https:\/\/www2.colegiovirtualadventista.cl\/wp-content\/uploads\/2025\/08\/imagen-para-director-del-colegio--150x150.jpeg 150w\" sizes=\"(max-width: 311px) 100vw, 311px\" \/>\t\t\t\t\t\t\t\t\t\t\t\t\t\t\t<\/div>\n\t\t\t\t<div class=\"elementor-element elementor-element-0482646 elementor-widget elementor-widget-text-editor\" data-id=\"0482646\" data-element_type=\"widget\" data-e-type=\"widget\" data-widget_type=\"text-editor.default\">\n\t\t\t\t\t\t\t\t\t<div class=\"elementor-element elementor-element-dedac0b elementor-widget elementor-widget-heading\" data-id=\"dedac0b\" data-element_type=\"widget\" data-widget_type=\"heading.default\"><div class=\"elementor-widget-container\"><h2 class=\"elementor-heading-title elementor-size-default\" style=\"text-align: center;\">Marcelo Olate<\/h2><\/div><\/div><div class=\"elementor-element elementor-element-92ad29e elementor-widget elementor-widget-heading\" data-id=\"92ad29e\" data-element_type=\"widget\" data-widget_type=\"heading.default\"><div class=\"elementor-widget-container\"><h2 class=\"elementor-heading-title elementor-size-default\" style=\"text-align: center;\">Director<\/h2><p>\u00a0<\/p><\/div><\/div><div class=\"elementor-element elementor-element-a1f6dc6 elementor-widget elementor-widget-heading\" data-id=\"a1f6dc6\" data-element_type=\"widget\" data-widget_type=\"heading.default\"><div class=\"elementor-widget-container\" style=\"text-align: center;\"><pre class=\"elementor-heading-title elementor-size-default\">marcelo.olate@adventistas.org <br \/>tel\u00e9fono de contacto +56 981390719<\/pre><\/div><\/div>\t\t\t\t\t\t\t\t<\/div>\n\t\t\t\t<\/div>\n\t\t\t\t<\/div>\n\t\t<div class=\"elementor-element elementor-element-133218c e-flex e-con-boxed e-con e-parent\" data-id=\"133218c\" data-element_type=\"container\" data-e-type=\"container\">\n\t\t\t\t\t<div class=\"e-con-inner\">\n\t\t<div class=\"elementor-element elementor-element-9f60d9a e-con-full e-flex e-con e-child\" data-id=\"9f60d9a\" data-element_type=\"container\" data-e-type=\"container\">\n\t\t\t\t<div class=\"elementor-element elementor-element-02b7f51 elementor-widget__width-initial elementor-widget elementor-widget-heading\" data-id=\"02b7f51\" data-element_type=\"widget\" data-e-type=\"widget\" data-widget_type=\"heading.default\">\n\t\t\t\t\t<h2 class=\"elementor-heading-title elementor-size-default\">Misi\u00f3n<\/h2>\t\t\t\t<\/div>\n\t\t\t\t<\/div>\n\t\t<div class=\"elementor-element elementor-element-3d68db6 e-con-full e-flex e-con e-child\" data-id=\"3d68db6\" data-element_type=\"container\" data-e-type=\"container\">\n\t\t\t\t<div class=\"elementor-element elementor-element-ea74890 elementor-widget elementor-widget-heading\" data-id=\"ea74890\" data-element_type=\"widget\" data-e-type=\"widget\" data-widget_type=\"heading.default\">\n\t\t\t\t\t<h2 class=\"elementor-heading-title elementor-size-default\">Visi\u00f3n<\/h2>\t\t\t\t<\/div>\n\t\t\t\t<\/div>\n\t\t\t\t\t<\/div>\n\t\t\t\t<\/div>\n\t\t<div class=\"elementor-element elementor-element-f665d78 e-flex e-con-boxed e-con e-parent\" data-id=\"f665d78\" data-element_type=\"container\" data-e-type=\"container\">\n\t\t\t\t\t<div class=\"e-con-inner\">\n\t\t<div class=\"elementor-element elementor-element-bedc1bc e-con-full e-flex e-con e-child\" data-id=\"bedc1bc\" data-element_type=\"container\" data-e-type=\"container\">\n\t\t\t\t<div class=\"elementor-element elementor-element-4134df9 elementor-widget elementor-widget-text-editor\" data-id=\"4134df9\" data-element_type=\"widget\" data-e-type=\"widget\" data-widget_type=\"text-editor.default\">\n\t\t\t\t\t\t\t\t\t<h5 style=\"padding-left: 40px;\">Ser reconocido como una instituci\u00f3n de excelencia virtual que apoya a las familias y estudiantes que realizan educaci\u00f3n por medios digitales y a distancia, comprometida con el desarrollo armonioso de los estudiantes, basado en los principios y ense\u00f1anzas de la Biblia, que fomenta la vida saludable y aut\u00f3noma, en todo los miembros que sean parte de nuestra comunidad educativa.<\/h5>\t\t\t\t\t\t\t\t<\/div>\n\t\t\t\t<\/div>\n\t\t<div class=\"elementor-element elementor-element-7ab6926 e-con-full e-flex e-con e-child\" data-id=\"7ab6926\" data-element_type=\"container\" data-e-type=\"container\">\n\t\t\t\t<div class=\"elementor-element elementor-element-b2ad051 elementor-widget elementor-widget-text-editor\" data-id=\"b2ad051\" data-element_type=\"widget\" data-e-type=\"widget\" data-widget_type=\"text-editor.default\">\n\t\t\t\t\t\t\t\t\t<h6 class=\"elementor-heading-title elementor-size-default\" style=\"padding-left: 40px;\">\u00a0<\/h6><h5 class=\"elementor-heading-title elementor-size-default\" style=\"padding-left: 40px;\">Somos una instituci\u00f3n de ense\u00f1anza virtual que entrega una educaci\u00f3n integral, de calidad, acogedora y evangelizadora, sustentada en los principios y valores de la Educaci\u00f3n Adventista que promueve autonom\u00eda y reflexi\u00f3n de los estudiantes para enfrentar la vida, siendo un aporte significativo a la sociedad.<\/h5>\t\t\t\t\t\t\t\t<\/div>\n\t\t\t\t<\/div>\n\t\t\t\t\t<\/div>\n\t\t\t\t<\/div>\n\t\t<div class=\"elementor-element elementor-element-29f4430 e-flex e-con-boxed e-con e-parent\" data-id=\"29f4430\" data-element_type=\"container\" data-e-type=\"container\">\n\t\t\t\t\t<div class=\"e-con-inner\">\n\t\t\t\t<div class=\"elementor-element elementor-element-4756ddb elementor-widget elementor-widget-heading\" data-id=\"4756ddb\" data-element_type=\"widget\" data-e-type=\"widget\" data-widget_type=\"heading.default\">\n\t\t\t\t\t<h2 class=\"elementor-heading-title elementor-size-default\">Nuestro equipo docente esta conformado por profesionales<br> comprometidos con el proposito de Educa Hope<\/h2>\t\t\t\t<\/div>\n\t\t\t\t\t<\/div>\n\t\t\t\t<\/div>\n\t\t<div class=\"elementor-element elementor-element-484e333 e-flex e-con-boxed e-con e-parent\" data-id=\"484e333\" data-element_type=\"container\" data-e-type=\"container\">\n\t\t\t\t\t<div class=\"e-con-inner\">\n\t\t<div class=\"elementor-element elementor-element-2e1dbf3 e-con-full e-flex e-con e-child\" data-id=\"2e1dbf3\" data-element_type=\"container\" data-e-type=\"container\">\n\t\t\t\t<\/div>\n\t\t<div class=\"elementor-element elementor-element-98d7069 e-con-full e-flex e-con e-child\" data-id=\"98d7069\" data-element_type=\"container\" data-e-type=\"container\">\n\t\t\t\t<\/div>\n\t\t<div class=\"elementor-element elementor-element-b997bc1 e-con-full e-flex e-con e-child\" data-id=\"b997bc1\" data-element_type=\"container\" data-e-type=\"container\">\n\t\t\t\t<\/div>\n\t\t<div class=\"elementor-element elementor-element-6b70609 e-con-full e-flex e-con e-child\" data-id=\"6b70609\" data-element_type=\"container\" data-e-type=\"container\">\n\t\t\t\t<\/div>\n\t\t<div class=\"elementor-element elementor-element-6116956 e-con-full e-flex e-con e-child\" data-id=\"6116956\" data-element_type=\"container\" data-e-type=\"container\">\n\t\t\t\t<\/div>\n\t\t<div class=\"elementor-element elementor-element-acc197a e-con-full e-flex e-con e-child\" data-id=\"acc197a\" data-element_type=\"container\" data-e-type=\"container\">\n\t\t\t\t<\/div>\n\t\t\t\t\t<\/div>\n\t\t\t\t<\/div>\n\t\t<div class=\"elementor-element elementor-element-2e595b0 e-flex e-con-boxed e-con e-parent\" data-id=\"2e595b0\" data-element_type=\"container\" data-e-type=\"container\">\n\t\t\t\t\t<div class=\"e-con-inner\">\n\t\t\t\t<div class=\"elementor-element elementor-element-5e6e25c elementor-widget elementor-widget-spacer\" data-id=\"5e6e25c\" data-element_type=\"widget\" data-e-type=\"widget\" data-widget_type=\"spacer.default\">\n\t\t\t\t\t\t\t<div class=\"elementor-spacer\">\n\t\t\t<div class=\"elementor-spacer-inner\"><\/div>\n\t\t<\/div>\n\t\t\t\t\t\t<\/div>\n\t\t\t\t\t<\/div>\n\t\t\t\t<\/div>\n\t\t<div class=\"elementor-element elementor-element-58b243b e-flex e-con-boxed e-con e-parent\" data-id=\"58b243b\" data-element_type=\"container\" data-e-type=\"container\">\n\t\t\t\t\t<div class=\"e-con-inner\">\n\t\t\t\t<div class=\"elementor-element elementor-element-41cbedd elementor-widget elementor-widget-video\" data-id=\"41cbedd\" data-element_type=\"widget\" data-e-type=\"widget\" data-settings=\"{&quot;video_type&quot;:&quot;hosted&quot;,&quot;controls&quot;:&quot;yes&quot;}\" data-widget_type=\"video.default\">\n\t\t\t\t\t\t\t<div class=\"e-hosted-video elementor-wrapper elementor-open-inline\">\n\t\t\t\t\t<video class=\"elementor-video\" src=\"https:\/\/colegiovirtualadventista.cl\/wp-content\/uploads\/2025\/08\/video-promocional-.mp4\" controls=\"\" preload=\"metadata\" controlsList=\"nodownload\"><\/video>\n\t\t\t\t<\/div>\n\t\t\t\t\t\t<\/div>\n\t\t\t\t\t<\/div>\n\t\t\t\t<\/div>\n\t\t<div class=\"elementor-element elementor-element-cd15f6e e-flex e-con-boxed e-con e-parent\" data-id=\"cd15f6e\" data-element_type=\"container\" data-e-type=\"container\">\n\t\t\t\t\t<div class=\"e-con-inner\">\n\t\t\t\t<div class=\"elementor-element elementor-element-9a9fca6 elementor-widget elementor-widget-spacer\" data-id=\"9a9fca6\" data-element_type=\"widget\" data-e-type=\"widget\" data-widget_type=\"spacer.default\">\n\t\t\t\t\t\t\t<div class=\"elementor-spacer\">\n\t\t\t<div class=\"elementor-spacer-inner\"><\/div>\n\t\t<\/div>\n\t\t\t\t\t\t<\/div>\n\t\t\t\t\t<\/div>\n\t\t\t\t<\/div>\n\t\t<div class=\"elementor-element elementor-element-29d9e4a e-flex e-con-boxed e-con e-parent\" data-id=\"29d9e4a\" data-element_type=\"container\" data-e-type=\"container\">\n\t\t\t\t\t<div class=\"e-con-inner\">\n\t\t\t\t<div class=\"elementor-element elementor-element-dd32ed1 elementor-widget elementor-widget-google_maps\" data-id=\"dd32ed1\" data-element_type=\"widget\" data-e-type=\"widget\" data-widget_type=\"google_maps.default\">\n\t\t\t\t\t\t\t<div class=\"elementor-custom-embed\">\n\t\t\t<iframe loading=\"lazy\"\n\t\t\t\t\tsrc=\"https:\/\/maps.google.com\/maps?q=universidad%20adventista&#038;t=m&#038;z=15&#038;output=embed&#038;iwloc=near\"\n\t\t\t\t\ttitle=\"universidad adventista\"\n\t\t\t\t\taria-label=\"universidad adventista\"\n\t\t\t><\/iframe>\n\t\t<\/div>\n\t\t\t\t\t\t<\/div>\n\t\t\t\t\t<\/div>\n\t\t\t\t<\/div>\n\t\t\t\t<\/div>\n\t\t","protected":false},"excerpt":{"rendered":"<p>Palabras del Director \u00a0 La educaci\u00f3n ha sido, a lo largo de la historia objeto de profundo an\u00e1lisis y reflexi\u00f3n se reconoce como una oportunidad \u00fanica e invaluable para formar y orientar a los ciudadanos que integrar\u00e1n las futuras generaciones.En el transcurso de mi carrera docente he tenido la oportunidad de estudiar diversos modelos educativos, [&hellip;]<\/p>\n","protected":false},"author":2,"featured_media":0,"parent":0,"menu_order":0,"comment_status":"closed","ping_status":"closed","template":"","meta":{"footnotes":""},"class_list":["post-657","page","type-page","status-publish","hentry"],"_links":{"self":[{"href":"https:\/\/www2.colegiovirtualadventista.cl\/index.php?rest_route=\/wp\/v2\/pages\/657","targetHints":{"allow":["GET"]}}],"collection":[{"href":"https:\/\/www2.colegiovirtualadventista.cl\/index.php?rest_route=\/wp\/v2\/pages"}],"about":[{"href":"https:\/\/www2.colegiovirtualadventista.cl\/index.php?rest_route=\/wp\/v2\/types\/page"}],"author":[{"embeddable":true,"href":"https:\/\/www2.colegiovirtualadventista.cl\/index.php?rest_route=\/wp\/v2\/users\/2"}],"replies":[{"embeddable":true,"href":"https:\/\/www2.colegiovirtualadventista.cl\/index.php?rest_route=%2Fwp%2Fv2%2Fcomments&post=657"}],"version-history":[{"count":103,"href":"https:\/\/www2.colegiovirtualadventista.cl\/index.php?rest_route=\/wp\/v2\/pages\/657\/revisions"}],"predecessor-version":[{"id":1532,"href":"https:\/\/www2.colegiovirtualadventista.cl\/index.php?rest_route=\/wp\/v2\/pages\/657\/revisions\/1532"}],"wp:attachment":[{"href":"https:\/\/www2.colegiovirtualadventista.cl\/index.php?rest_route=%2Fwp%2Fv2%2Fmedia&parent=657"}],"curies":[{"name":"wp","href":"https:\/\/api.w.org\/{rel}","templated":true}]}}